{"id":6,"date":"2014-08-18T12:21:46","date_gmt":"2014-08-18T12:21:46","guid":{"rendered":"http:\/\/musiquebell.wordpress.com\/?page_id=1"},"modified":"2026-05-05T13:27:21","modified_gmt":"2026-05-05T13:27:21","slug":"%e5%85%b3%e4%ba%8e","status":"publish","type":"page","link":"https:\/\/musiquebell.com\/","title":{"rendered":"Les cours"},"content":{"rendered":"\n<p class=\"has-text-align-center\">\ud83c\uddeb\ud83c\uddf7 \ud83c\uddec\ud83c\udde7 \ud83c\udde9\ud83c\uddea \ud83c\udde8\ud83c\uddf3<\/p>\n\n\n\n<figure class=\"wp-block-image size-large\"><img loading=\"lazy\" decoding=\"async\" width=\"723\" height=\"1024\" src=\"https:\/\/musiquebell.com\/wp-content\/uploads\/2026\/05\/print-1111-723x1024.png\" alt=\"\" class=\"wp-image-28066\" srcset=\"https:\/\/musiquebell.com\/wp-content\/uploads\/2026\/05\/print-1111-723x1024.png 723w, https:\/\/musiquebell.com\/wp-content\/uploads\/2026\/05\/print-1111-212x300.png 212w, https:\/\/musiquebell.com\/wp-content\/uploads\/2026\/05\/print-1111-768x1087.png 768w, https:\/\/musiquebell.com\/wp-content\/uploads\/2026\/05\/print-1111.png 1054w\" sizes=\"auto, (max-width: 723px) 100vw, 723px\" \/><\/figure>\n\n\n\n<p>Cours de Musique Bell assur\u00e9s par des pianistes et compositeurs dipl\u00f4m\u00e9s de grandes \u00e9coles en France, en Chine, en Allemagne et en Angleterre<\/p>\n\n\n\n<hr class=\"wp-block-separator has-alpha-channel-opacity\"\/>\n\n\n\n<h2 class=\"wp-block-heading\">Profs<\/h2>\n\n\n\n<div class=\"wp-block-media-text is-stacked-on-mobile\" style=\"grid-template-columns:26% auto\"><figure class=\"wp-block-media-text__media\"><img loading=\"lazy\" decoding=\"async\" width=\"874\" height=\"974\" src=\"http:\/\/musiquebell.com\/wp-content\/uploads\/2025\/08\/Screenshot-2025-08-20-at-21.31.56.png\" alt=\"\" class=\"wp-image-326 size-full\" srcset=\"https:\/\/musiquebell.com\/wp-content\/uploads\/2025\/08\/Screenshot-2025-08-20-at-21.31.56.png 874w, https:\/\/musiquebell.com\/wp-content\/uploads\/2025\/08\/Screenshot-2025-08-20-at-21.31.56-269x300.png 269w, https:\/\/musiquebell.com\/wp-content\/uploads\/2025\/08\/Screenshot-2025-08-20-at-21.31.56-768x856.png 768w\" sizes=\"auto, (max-width: 874px) 100vw, 874px\" \/><\/figure><div class=\"wp-block-media-text__content\">\n<p>Huihui Cheng est n\u00e9e en Chine. D\u00e8s son plus jeune \u00e2ge, elle suit des cours de piano et de composition. Elle \u00e9tudie la composition au Conservatoire de P\u00e9kin et, \u00e0 partir de 2010, \u00e0 la Staatlichen Hochschule f\u00fcr Musik und Darstellende Kunst de Stuttgart et \u00e0 l\u2019Ircam, \u00e0 Paris. Elle est compositrice cr\u00e9ative. www.huihuicheng.com<\/p>\n<\/div><\/div>\n\n\n\n<div class=\"wp-block-media-text is-stacked-on-mobile\" style=\"grid-template-columns:24% auto\"><figure class=\"wp-block-media-text__media\"><img loading=\"lazy\" decoding=\"async\" width=\"512\" height=\"512\" src=\"http:\/\/musiquebell.com\/wp-content\/uploads\/2018\/03\/bell.jpg\" alt=\"\" class=\"wp-image-155 size-full\" srcset=\"https:\/\/musiquebell.com\/wp-content\/uploads\/2018\/03\/bell.jpg 512w, https:\/\/musiquebell.com\/wp-content\/uploads\/2018\/03\/bell-300x300.jpg 300w, https:\/\/musiquebell.com\/wp-content\/uploads\/2018\/03\/bell-150x150.jpg 150w\" sizes=\"auto, (max-width: 512px) 100vw, 512px\" \/><\/figure><div class=\"wp-block-media-text__content\">\n<p>Pianiste de formation, apr\u00e8s un double master en composition et \u00e9criture au Conservatoire de Paris (CNSMDP), Jonathan Bell poursuit un doctorat de composition \u00e0 la Guildhall School de Londres (Doctor of Music), \u00e0 l&#8217;Ircam, puis est membre artistique de l&#8217;acad\u00e9mie de France \u00e0 Madrid (Casa de Velasquez) en 2019. Il \u00e9tait professeur \u00e0 l\u2019Universit\u00e9 Aix-Marseille, ainsi qu\u2019\u00e0 l\u2019IAU \u2013 Institut Am\u00e9ricain d\u2019Aix.<\/p>\n<\/div><\/div>\n\n\n\n<hr class=\"wp-block-separator has-alpha-channel-opacity\"\/>\n\n\n\n<p><strong>Cours &amp; Tarif<\/strong><\/p>\n\n\n\n<p>\ud83c\udfb9 Cours de piano<\/p>\n\n\n\n<h5 class=\"wp-block-heading\">\ud83d\udc65 Cours collectifs<\/h5>\n\n\n\n<ul class=\"wp-block-list\">\n<li>\u23f1\ufe0f <strong>Dur\u00e9e<\/strong> : 50 minutes<\/li>\n\n\n\n<li>\ud83d\udcc5 <strong>Forfait annuel (40 cours)<\/strong> : 640 \u20ac<\/li>\n<\/ul>\n\n\n\n<ul class=\"wp-block-list\">\n<li>\u23f1\ufe0f <strong>30 minutes \/ semaine<\/strong><br>\u2192 \ud83d\udcb6 800 \u20ac (40 cours)<\/li>\n\n\n\n<li>\u23f1\ufe0f <strong>45 minutes \/ semaine<\/strong><br>\u2192 \ud83d\udcb6 1200 \u20ac (40 cours)<\/li>\n<\/ul>\n\n\n\n<h5 class=\"wp-block-heading\">\ud83d\udc64 Cours individuels<\/h5>\n\n\n\n<h5 class=\"wp-block-heading\">\ud83c\udf9f\ufe0f Cours \u00e0 l\u2019unit\u00e9 (sans inscription)<\/h5>\n\n\n\n<p>\u23f1\ufe0f <strong>35 minutes<\/strong><br>\u2192 \ud83d\udcb6 25 \u20ac \/ s\u00e9ance<\/p>\n\n\n\n<hr class=\"wp-block-separator has-alpha-channel-opacity\"\/>\n\n\n\n<p>\ud83c\udfb6 \u00c9veil musical (cours collectifs)<\/p>\n\n\n\n<ul class=\"wp-block-list\">\n<li>\u23f1\ufe0f <strong>Dur\u00e9e<\/strong> : 50 minutes par semaine<\/li>\n\n\n\n<li>\ud83d\udcb6 <strong>Tarif annuel<\/strong> : 346 \u20ac<\/li>\n\n\n\n<li>\ud83c\udf9f\ufe0f <strong>Cours \u00e0 l\u2019unit\u00e9 (sans inscription)<\/strong> : 10 \u20ac \/ s\u00e9ance<\/li>\n<\/ul>\n\n\n\n<h5 class=\"wp-block-heading\">\ud83d\udcc5 Horaires<\/h5>\n\n\n\n<p><strong>Ann\u00e9e 2026\u20132027<\/strong> :<br>\u2192 Mercredi et dimanche<br><strong>Ann\u00e9e 2025\u20132026<\/strong> :<br>\u2192 Dimanche matin \u00e0 10h<\/p>\n\n\n\n<figure class=\"wp-block-embed is-type-video is-provider-youtube wp-block-embed-youtube wp-embed-aspect-16-9 wp-has-aspect-ratio\"><div class=\"wp-block-embed__wrapper\">\n<iframe loading=\"lazy\" title=\"L&#039; musical 25 26\" width=\"580\" height=\"326\" src=\"https:\/\/www.youtube.com\/embed\/pSVd-UJSs1A?feature=oembed\" frameborder=\"0\" allow=\"accelerometer; autoplay; clipboard-write; encrypted-media; gyroscope; picture-in-picture; web-share\" referrerpolicy=\"strict-origin-when-cross-origin\" allowfullscreen><\/iframe>\n<\/div><\/figure>\n\n\n\n<p><strong>Stage Creative Explotions<\/strong><br>\u00c0 partir de 8 ans, pour les enfants qui pratiquent d\u00e9j\u00e0 un instrument et souhaitent \u00e9crire leurs propres chansons, nous proposons un accompagnement \u00e0 la cr\u00e9ation musicale.<\/p>\n\n\n\n<figure class=\"wp-block-video\"><video height=\"720\" style=\"aspect-ratio: 1280 \/ 720;\" width=\"1280\" controls src=\"https:\/\/musiquebell.com\/wp-content\/uploads\/2026\/03\/Aterlier-Windy-1.mp4\"><\/video><\/figure>\n\n\n\n<figure class=\"wp-block-gallery has-nested-images columns-default is-cropped wp-block-gallery-1 is-layout-flex wp-block-gallery-is-layout-flex\"><\/figure>\n\n\n\n<div class=\"wp-block-columns is-layout-flex wp-container-core-columns-is-layout-9d6595d7 wp-block-columns-is-layout-flex\">\n<div class=\"wp-block-column is-layout-flow wp-block-column-is-layout-flow\" style=\"flex-basis:100%\">\n<h4 class=\"wp-block-heading\">Contact<\/h4>\n\n\n\n<p>\u2709\ufe0f <a>huihuihuicheng@gmail.com<\/a><br>\ud83d\udccd Aix-centre<br>\ud83d\udcde 06 34 05 75 13<br>\ud83d\udcde 06 51 53 17 07<\/p>\n<\/div>\n<\/div>\n","protected":false},"excerpt":{"rendered":"<p>\ud83c\uddeb\ud83c\uddf7 \ud83c\uddec\ud83c\udde7 \ud83c\udde9\ud83c\uddea \ud83c\udde8\ud83c\uddf3 Cours de Musique Bell assur\u00e9s par des pianistes et compositeurs dipl\u00f4m\u00e9s de grandes \u00e9coles en France, en Chine, en Allemagne et en Angleterre Profs Huihui Cheng est n\u00e9e en Chine. D\u00e8s son plus jeune \u00e2ge, elle suit des cours de piano et de composition. Elle \u00e9tudie la composition au Conservatoire de [&hellip;]<\/p>\n","protected":false},"author":1,"featured_media":0,"parent":0,"menu_order":0,"comment_status":"closed","ping_status":"open","template":"","meta":{"footnotes":""},"class_list":["post-6","page","type-page","status-publish","hentry"],"_links":{"self":[{"href":"https:\/\/musiquebell.com\/index.php\/wp-json\/wp\/v2\/pages\/6","targetHints":{"allow":["GET"]}}],"collection":[{"href":"https:\/\/musiquebell.com\/index.php\/wp-json\/wp\/v2\/pages"}],"about":[{"href":"https:\/\/musiquebell.com\/index.php\/wp-json\/wp\/v2\/types\/page"}],"author":[{"embeddable":true,"href":"https:\/\/musiquebell.com\/index.php\/wp-json\/wp\/v2\/users\/1"}],"replies":[{"embeddable":true,"href":"https:\/\/musiquebell.com\/index.php\/wp-json\/wp\/v2\/comments?post=6"}],"version-history":[{"count":53,"href":"https:\/\/musiquebell.com\/index.php\/wp-json\/wp\/v2\/pages\/6\/revisions"}],"predecessor-version":[{"id":27975,"href":"https:\/\/musiquebell.com\/index.php\/wp-json\/wp\/v2\/pages\/6\/revisions\/27975"}],"wp:attachment":[{"href":"https:\/\/musiquebell.com\/index.php\/wp-json\/wp\/v2\/media?parent=6"}],"curies":[{"name":"wp","href":"https:\/\/api.w.org\/{rel}","templated":true}]}}